n base 4, what is -13012220033 - 2?
-13012220101
In base 5, what is -121131240330 + 2?
-121131240323
In base 14, what is 11b - -3c7?
504
In base 6, what is -4042434355 - -10?
-4042434345
In base 14, what is 21147 - 55?
210d2
In base 11, what is -17900 + -164?
-17a64
In base 16, what is -47f5 - 11ef?
-59e4
In base 2, what is 11010111111010101010 + -1011010?
11010111111001010000
In base 16, what is -260b - -334?
-22d7
In base 11, what is 26 + -981673?
-981648
In base 4, what is 1102002320 + -200?
1102002120
In base 11, what is 1196216 - 10?
1196206
In base 3, what is -1111101 + 101111210?
100000102
In base 4, what is 1 - -10020100100?
10020100101
In base 5, what is -1401 + 24232334?
24230433
In base 6, what is 44 - -4345054400?
4345054444
In base 12, what is -871466 - 3?
-871469
In base 8, what is 35427520 - 3?
35427515
In base 3, what is 1201110 + 2112020?
11020200
In base 11, what is -2 - 5446651?
-5446653
In base 15, what is -4a + -2433a6?
-243401
In base 7, what is -464503 - 631?
-465434
In base 13, what is 1591433 - -2?
1591435
In base 6, what is -1014 + 51342440?
51341422
In base 14, what is -d6a77 + 3?
-d6a74
In base 3, what is -120 + 21211122200?
21211122010
In base 7, what is -1435 - 2266166?
-2300634
In base 16, what is -1 + d5bbd0?
d5bbcf
In base 16, what is -405 + 4eb14?
4e70f
In base 12, what is -5 - 2138292?
-2138297
In base 13, what is 1 + -a751b4?
-a751b3
In base 5, what is 2 + -14133402120?
-14133402113
In base 8, what is 13725716 - -2?
13725720
In base 13, what is 3230 - -1c87?
51b7
In base 4, what is 2 - 1011120212220?
-1011120212212
In base 2, what is 100000010111110001011 - -11011?
100000010111110100110
In base 16, what is -218c - -3346?
11ba
In base 6, what is 3401 + -2525130?
-2521325
In base 9, what is -30072 + 255?
-28716
In base 11, what is 148826 - 34?
1487a2
In base 11, what is -40646 - -394?
-40262
In base 6, what is -15 - 134131325?
-134131344
In base 12, what is -7a9805a + 0?
-7a9805a
In base 7, what is -6251 + 65355?
56104
In base 8, what is -12640602 + 0?
-12640602
In base 9, what is -4 + -30301852?
-30301856
In base 14, what is -40bc - 79?
-4157
In base 6, what is -223 - -122133401?
122133134
In base 5, what is -3121113 - 111321?
-3232434
In base 3, what is 12021 - 1020001110?
-1012212012
In base 9, what is -36 - -8880483?
8880446
In base 13, what is 11a + -640383?
-640266
In base 10, what is 0 + 2631698?
2631698
In base 15, what is -169240 + d6?
-169159
In base 9, what is 1 + -11764231?
-11764230
In base 15, what is -5392ca + 0?
-5392ca
In base 3, what is -1 - -2102201021102?
2102201021101
In base 3, what is 11000 - -212100201?
212111201
In base 4, what is -233110303 - -13233?
-233031010
In base 6, what is -245403 - -11443?
-233520
In base 16, what is f1f647 + 6?
f1f64d
In base 13, what is 1b369bc - 65?
1b36957
In base 11, what is 8a5 - -5869?
6663
In base 4, what is -1121 + 1033230130?
1033223003
In base 15, what is 1 - -352465?
352466
In base 4, what is 1033022123 - -1100?
1033023223
In base 15, what is 2ad0 - -266?
2d46
In base 13, what is -4 + -17b8bb7?
-17b8bbb
In base 16, what is 23 + -c889f5?
-c889d2
In base 3, what is 1001121020112 - -10?
1001121020122
In base 9, what is 38704361 - -8?
38704370
In base 12, what is 3a4573 + -3?
3a4570
In base 5, what is 33302131214 - -4?
33302131223
In base 14, what is -1 + -4092b5c?
-4092b5d
In base 11, what is 398148 - -366?
398503
In base 7, what is 1023416022 - 10?
1023416012
In base 6, what is 105322304 - -4?
105322312
In base 15, what is -4 + -59a3b06?
-59a3b0a
In base 14, what is 6d + -2bad1?
-2ba62
In base 7, what is -42000011 + 5?
-42000003
In base 5, what is -223241112 + 4?
-223241103
In base 12, what is 78870 - 9b0?
77a80
In base 3, what is 10 + -1010100020112220?
-1010100020112210
In base 4, what is -331123022 + 10022?
-331113000
In base 14, what is -490077d - -5?
-4900778
In base 3, what is 2 - -110210012001220111?
110210012001220120
In base 10, what is 75746 - -82?
75828
In base 5, what is 3113 + -12213013?
-12204400
In base 4, what is -2112110132 + -2103?
-2112112301
In base 6, what is -12 + -45405444?
-45405500
In base 4, what is -11 - -2313301330?
2313301313
In base 8, what is -5 - -714636036?
714636031
In base 15, what is 815 - cc77?
-c462
In base 9, what is -16488 + -12127?
-28626
In base 15, what is -2 - -20bd317?
20bd315
In base 5, what is -304012 - 242?
-304304
In base 11, what is -1a062315 - -5?
-1a062310
In base 8, what is 5 - -14607762?
14607767
In base 15, what is 30e + -8a63?
-8754
In base 15, what is -7 + 12be?
12b7
In base 7, what is 664115 - -34?
664152
In base 8, what is 3121635 - -2522?
3124357
In base 11, what is -19374 + 2a7?
-19078
In base 4, what is 20 - -101200111110?
101200111130
In base 8, what is -5 - -2411700?
2411673
In base 11, what is 25284716 - -6?
25284721
In base 2, what is -1110100010000100001001101 - 100?
-1110100010000100001010001
In base 8, what is 2 + 32745602?
32745604
In base 6, what is 2055 - -5010421?
5012520
In base 11, what is 4 + 34a17311?
34a17315
In base 14, what is -1941c + d6?
-19326
In base 4, what is 3 + 21111010023?
21111010032
In base 12, what is -580428 - -1?
-580427
In base 12, what is -2381 + -51533?
-538b4
In base 10, what is -70814 + -18?
-70832
In base 10, what is -94 + 194722?
194628
In base 3, what is -2 - -21200122001112?
21200122001110
In base 4, what is 120300103 + 202011?
121102120
In base 16, what is b14ce10 - -2?
b14ce12
In base 12, what is -4 + -b79776?
-b7977a
In base 7, what is 1 - -11455621?
11455622
In base 3, what is 202010021010100 + 1011?
202010021011111
In base 7, what is -4 + -416211635?
-416211642
In base 11, what is -1587a9 + -603?
-159301
In base 13, what is 1459 + -315?
1144
In base 7, what is -16546410 + -145?
-16546555
In base 7, what is 54542012 - 220?
54541462
In base 15, what is 5918b + 6?
59192
In base 11, what is -185a07226 + -4?
-185a0722a
In base 8, what is -314 - 1700476?
-1701012
In base 16, what is -21b6 + -978?
-2b2e
In base 15, what is bb1a76 - -5?
bb1a7b
In base 11, what is 472083a4 + 1?
472083a5
In base 3, what is 1202220 + 111000220?
112210210
In base 13, what is -5 + -193c71?
-193c76
In base 8, what is 52 - -704036?
704110
In base 11, what is -16a444315 - -6?
-16a44430a
In base 8, what is 442315 - -657?
443174
In base 13, what is -1a4c05 - 49?
-1a4c51
In base 4, what is 203211 + 23221112?
30030323
In base 14, what is c2d + -1128?
-2d9
In base 8, what is 1273116 + 1624?
1274742
In base 7, what is -242210 + -1121?
-243331
In base 7, what is 4 - -50232004?
50232011
In base 3, what is -10110120 + 202200201?
122020011
In base 8, what is -1 + 6362723?
6362722
In base 13, what is 1767395 + 24?
17673b9
In base 11, what is 6 + -45280a1?
-4528096
In base 5, what is -402310 - -10304?
-342001
In base 13, what is 144cbb0 - -3?
144cbb3
In base 7, what is 23024045323 + -2?
23024045321
In base 8, what is -236255 - -606?
-235447
In base 9, what is 631318 + -3?
631315
In base 5, what is -1 - -40410340132?
40410340131
In base 3, what is 1122221010202022 - -10?
1122221010202102
In base 4, what is 1131111 - 13022?
1112023
In base 2, what is 1110001010 + 1111100111101011?
1111110101110101
In base 7, what is -15126363 + 2?
-15126361
In base 6, what is 334555 + -341?
334214
In base 15, what is -56 + -44e26?
-44e7c
In base 8, what is -4067 + -354557?
-360646
In base 6, what is 20403 + 1245?
22052
In base 5, what is -104314110423 - -21?
-104314110402
In base 16, what is -da4 + 4d5f?
3fbb
In base 7, what is -1045 - 20253?
-21331
In base 12, what is -183bb - -5?
-183b6
In base 7, what is 131535663 + -152?
131535511
In base 2, what is 110011 + 1100011110111000101110?
1100011110111001100001
In base 8, what is -676452 + -42?
-676514
In base 13, what is -3553 + 823?
-2a30
In base 10, what is -98 - 73641?
-73739
In base 7, what is -11 - -245025?
245014
In base 16, what is -357 + -3ff22?
-40279
In base 6, what is 131522423 + -1503?
131520520
In base 12, what is b8750 + 10?
b8760
In base 7, what is -145553 - 14024?
-162610
In base 9, what is -64 + 1316806?
1316732
In base 5, what is -1142 + 2332104?
2330412
In base 3, what is -12010 - -221011112?
220222102
In base 14, what is -859b50 - -5?
-859b49
In base 12, what is 1b1b6 + 4?
1b1ba
In base 2, what is -1010111010 + -11000000?
-1101111010
